= u**3 + 4*u**2 - 2*u - 6. Let m be b(-4). Let h(c) = c + 1. Let v(l) = m*h(l) + w*d(l). What is v(0)?
4
Suppose 5*i = 10 - 0. Suppose -i*g = -6*x + 2*x + 8, 0 = -2*x + 3*g. Let c(u) = 2*u**2 - 4*u. What is c(x)?
6
Let p(x) = -x**2 - 2*x + 5. Let i(n) = -1. Let j(q) = 2*i(q) + p(q). Suppose -10 = 9*c - 14*c. Determine j(c).
-5
Let m(o) = -10*o - 1. Let d = 3 + -10. Let t = 6 + d. Give m(t).
9
Let a(f) be the first derivative of -3*f**2/2 + 4*f - 9. Let q(n) = -n**3 - 2*n**2 + 2*n + 2. Let v be q(-3). Calculate a(v).
-11
Let o(q) = q**3 + 3*q**2 - 6*q + 5. Suppose 9*i + 15 = 6*i. Calculate o(i).
-15
Let l(t) be the second derivative of t**5/20 + 7*t**4/12 + t**3 - t**2/2 - 8*t. Determine l(-6).
-1
Let x = 9 + -8. Let l be 6/x*4/8. Let c = -2 + l. Let u(t) = -4*t + 1. Calculate u(c).
-3
Let a(v) = -5*v**3 - 4*v + 17. Let l(z) = 9*z**3 + 7*z - 33. Let h(c) = 7*a(c) + 4*l(c). Calculate h(0).
-13
Let z(o) = o**2 + 2*o - 4. Suppose -15 = -q + 5*g + 31, 0 = 4*g. Suppose -i - 3*x = 2, 4*x = 4*i - i - q. Suppose 20 = -i*h + 5*h. Determine z(h).
4
Suppose 4*f + 15 - 51 = 0. Let s = f + -8. Let q(k) = k + 1. Determine q(s).
2
Let f = -7 + 12. Let q(z) = z - 2. Let j be q(f). Let a(y) = -5*y**2 - 4. Let m(s) = -14*s**2 + s - 11. Let x(o) = 11*a(o) - 4*m(o). What is x(j)?
-3
Let a(o) be the first derivative of o**5/20 - o**4/12 + o**3/6 - 2*o**2 - 3. Let t(s) be the second derivative of a(s). Give t(1).
2
Let h be 2 - 2/2 - -1. Suppose 0 = -5*m - r + 8, -1 = h*m + 4*r + 3. Let p(k) = k**2 + 6*k - 2*k - m*k. Give p(-1).
-1
Let b be (-12 - -14) + -1 + 0. Let g(z) = -z - 1. Let s be g(b). Let r(y) = y**3 - y. Calculate r(s).
-6
Let b(s) = -2*s - 7. Let o = -18 - -13. Let p = o - 0. Calculate b(p).
3
Let j(q) = -55 - 40 + 96 + 8*q. Suppose -3 = 4*m + 2*s - 11, 3*s = 4*m + 2. Give j(m).
9
Let h(l) = 3*l - 9. Let m(v) = -v + 4. Let r(t) = -3*h(t) - 7*m(t). What is r(-1)?
1
Let a(d) be the second derivative of -7/6*d**3 - d - 3/2*d**2 + 0. Let n(m) = -m - 1. Let b(t) = a(t) - 6*n(t). Determine b(-3).
6
Suppose -13 = 3*g + 4*h, 10 = -5*g + 3*g - 3*h. Let i(r) be the second derivative of 7*r**4/12 - r**3/6 + r**2/2 + 2*r. Give i(g).
7
Suppose -2 = -0*q + 2*q. Let n(s) = -7*s**2 + 3*s + 1. Let z be 0 + -3 + (-1 - -3). Let w(k) = -k. Let i(b) = z*n(b) - w(b). Calculate i(q).
8
Let m(f) be the first derivative of f**3/3 - 5*f**2/2 - 7*f + 7. Calculate m(5).
-7
Let q be 0/(-5) - (-13 + -1). Suppose q = 2*v - 0*v. Let d(h) = -h + h - h + v. Calculate d(3).
4
Let p(w) = -w + 12. Suppose x = i, 0 = 2*x + 3*x - 3*i. Give p(x).
12
Suppose -3*q = -0*q - 4*i - 7, -3 = 3*i. Let s(p) = 0*p - q - 2*p + 9*p. Let z(f) = -f + 5. Let d be z(4). Determine s(d).
6
Suppose q + 2*r + 10 = -q, -r = 3. Let i(w) = 7*w**3 + 7*w**2 + 10*w + 4. Let f(d) = -10*d**3 - 10*d**2 - 14*d - 6. Let v(o) = 5*f(o) + 7*i(o). What is v(q)?
2
Suppose 3*r + 6 = -5*z, -6*z = -2*r - 7*z + 3. Let b(g) = g**2 + 2*g - 2. Determine b(r).
13
Let w(y) = -4*y + 3. Let u(q) = -4*q + 2. Let f(p) = -4*u(p) + 3*w(p). Let a be 18/(-14) - 4/(-14). Determine f(a).
-3
Let d(c) = c**3 + 4*c**2 + 2*c - 1. Let s be d(-3). Suppose -4*x + 10 = s. Suppose -7*l + x*l = 30. Let h(u) = 3*u + 9. Give h(l).
-9
Let q(h) = -7*h + 10. Let g(k) = 15*k - 21. Let i(o) = -6*g(o) - 13*q(o). Calculate i(3).
-1
Suppose p = 3*r - 13, -p - 1 = -0*p. Let n(y) = 4*y - 3. Let g(o) be the second derivative of -7*o**3/6 + 3*o**2 + 2*o. Let j(h) = -3*g(h) - 5*n(h). Give j(r).
1
Let o(i) = -i**2 - 4*i + 6. Let c be -4 + (4 - 1) + -4. What is o(c)?
1
Let u(g) = 4*g**2 - 5*g + 2. Let i(s) = 3*s**2 - 5*s + 2. Let q(b) = 3*i(b) - 2*u(b). Let t(p) = -p**2 + 5*p + 29. Let w be t(8). What is q(w)?
2
Suppose t - 1 + 0 = 0. Let i(o) = o + t + 3*o**2 - 3*o + 3*o. Let b be 4/6 - 30/18. Give i(b).
3
Suppose -20 = 6*j - 11*j. Let d = j - 1. Let s(i) = i**3 - i**2 - 2*i. Give s(d).
12
Let p(w) be the third derivative of 1/15*w**5 + 0*w + w**3 + 2*w**2 + 1/120*w**6 + 1/12*w**4 + 0. Determine p(-4).
-2
Let b = 7 + -13. Let t(k) = -k**2 - k. Let q(w) = w**3 + w**2 - 5*w + 7. Let o(m) = -q(m) + 5*t(m). Determine o(b).
-7
Let p(b) = b**2 + 1. Suppose 1 = -2*x - 3. Let y(o) = 3*o - 20. Let g(c) = -c + 10. Let j(i) = x*y(i) - 5*g(i). Let u be j(-11). Give p(u).
2
Let y = 17 - 12. Let d be 6*(-4)/(-30)*y. Let q(f) be the second derivative of f**3/6 - 9*f**2/2 + f. Determine q(d).
-5
Let t(d) = -d**2 + d - 1. Let j(a) = 2*a + 4. Let r(b) = -j(b) - t(b). Suppose 3*m = 18 + 30. Suppose -8 = 3*x + 5*q, x - 4*q - m = -q. What is r(x)?
1
Let g(i) = i**2 + 2*i + 2. Let d(o) = -o - 1. Let n(c) = 4*d(c) - g(c). What is n(-5)?
-1
Let d(m) be the first derivative of m**5/30 - m**4/8 - 4*m**3/3 - 5. Let i(h) be the third derivative of d(h). What is i(2)?
5
Let y = -6 + 18. Let s be ((-16)/y)/(1/(-3)). Let i be (-24)/3*3/s. Let u(c) = -c**2 - 6*c + 7. Calculate u(i).
7
Suppose -15*y - 64 = -7*y. Let o(t) = t**2 + 8*t - 1. What is o(y)?
-1
Let a(z) = z**3 - z**2 - 5. Let v(r) = r**3 - 5*r**2 + 6*r. Let k be v(3). Determine a(k).
-5
Let h(x) be the third derivative of -x**4/24 + 30*x**2. What is h(0)?
0
Let t(l) be the third derivative of l**4/24 - l**3/3 - 10*l**2. Suppose -d = -3 - 0. Let w be d*-1*(-4)/6. What is t(w)?
0
Let y(r) = r + 2. Let i(z) = z**2 - 5*z + 2. Let q be i(5). Suppose -q*v = -5*v. Let l be y(v). Let g(o) = o. What is g(l)?
2
Let c(a) = -8*a + 42. Let n(h) = -3*h + 14. Let f(p) = -4*c(p) + 11*n(p). Let g(b) = -b - 7. Let w(z) = 3*f(z) - 5*g(z). Calculate w(6).
5
Let d(s) = -15 + 2*s**2 - 3*s**2 + 14. Let q(g) = -5*g**2 - 3. Let w(x) = -4*d(x) + q(x). Give w(0).
1
Let m = 130 + -125. Let g(s) = -s**3 + 6*s**2 - 2*s - 7. What is g(m)?
8
Let k = 107 + -110. Let f(o) = -o**3 - 5*o**2 - 3*o - 4. What is f(k)?
-13
Suppose -5 = 3*c + 7. Let z(n) = 2*n**2 + 10*n + 19. Let w(h) = -h**2 - 5*h - 10. Let t(b) = -7*w(b) - 4*z(b). Calculate t(c).
-2
Let h(g) = -g**3 - 6*g**2 - 6*g + 3. Let p be h(-5). Let c(q) = q**3 - 8*q**2. What is c(p)?
0
Let y(k) = -2*k - 3 - k + 1. Calculate y(-3).
7
Let q(w) be the first derivative of w**5/60 + w**4/24 + 4*w**3/3 + 2. Let f(t) be the third derivative of q(t). Calculate f(-1).
-1
Suppose 0 = 3*k - 5*q + 47, 0 = -0*k + k - 3*q + 9. Let i be (k/18)/((-1)/3). Let w(u) = 7*u - 12*u + 6 + i*u. Give w(4).
2
Let z(t) = 3*t**2 - 25*t + 5. Let l(f) = 2*f**2 - 17*f + 3. Let r(w) = 7*l(w) - 5*z(w). Let m be r(5). Let i(h) = 5*h + m - h + 2*h. What is i(-1)?
-5
Let v(x) = 7*x - 7. Let r(g) = -4*g + 4. Let d(i) = -5*r(i) - 3*v(i). Let z = 22 + -14. Suppose 0 = w + w - z. Calculate d(w).
-3
Let b(i) = -3*i**3 + i**2 + 2*i - 1. Let q(w) = w**3 + w**2 - w. Let v(p) = -b(p) - 4*q(p). Let a(t) = t**2 + 6*t + 3. Let x be a(-4). Determine v(x).
-9
Let k(w) = -w - 14. Let i(s) = s + 9. Let p(r) = -7*i(r) - 5*k(r). Let c be p(3). Let y(q) = 11*q. What is y(c)?
11
Let i = 10 - -10. Let n be (12/(-30))/(2/i). Let y(o) = o**3 + 5*o**2 + 2*o - 1. What is y(n)?
7
Let r(d) = 5*d**2 - 7*d + 13. Let o(c) = -c**2 + 2*c - 3. Let q(a) = 9*o(a) + 2*r(a). Let g be (8/2)/(0 + -1). Give q(g).
-1
Let u(a) = -a + 6. Let m(s) = -2*s**2 + 0*s - 2*s - 3 + 5*s**2 - 2*s**2. Let o be m(-2). Determine u(o).
1
Let c(t) = -t**3 + 4*t**2 + 12*t + 2. Let o be c(6). Let i(j) = 5*j**2 - 3*j + 3. Determine i(o).
17
Let l(s) be the first derivative of -2 - 12*s - 1/2*s**2. What is l(-6)?
-6
Let t be 5 + (0 - -1)/(-1). Let y(z) = -t + 42*z**2 + 0*z**3 - 39*z**2 - z**3 + z + 0*z**3. Determine y(3).
-1
Let p(d) = -5*d + 3*d**2 + 8 - 2*d**2 - 1 - 2*d**2. Give p(-5).
7
Let p(r) = -r**2 - 4*r + 3. Let d be p(-3). Suppose -d = -t - 1. Let j(g) = -g - 2 + 4*g + 3 - 2*g. Calculate j(t).
6
Let n(o) = -2*o - 4*o - 4 - 1 + 5*o. Give n(-5).
0
Let m(w) be the first derivative of -w**4/4 - w**3/3 - 4*w - 2. Let h be (-2)/4*(8 + 2). Let x = h - -5. Determine m(x).
-4
Let b(q) = q - 5. Let a be (1 - 0)*1 - 1. Calculate b(a).
-5
Let n(h) = -h**2 - 3*h + 1. Let m(f) = -2*f - 14. Let k be m(-8). Determine n(k).
-9
Let w(p) = p**2 + 6*p + 4. Suppose 5*q = 4*y + 6, y + 5 = 2*q + 2*y. Suppose 0 = q*l - l + 12. Let b be (-3)/(((-9)/l)/1). Determine w(b).
-4
Let t(h) = h**3 - 2*h**2 + 4*h - 3. Suppose -11 + 9 = -4*w - 2*b, 2*b = -3*w. Calculate t(w).
5
Let q(s) = s**3 - 6*s**2 + s + 6. Suppose h - 3*h + 5*t - 5 = 0